st common divisor of s and r.
9
Suppose -26*o = -29*o + 4437. What is the greatest common factor of o and 51?
51
Let d(j) = -j**2 + 19*j - 1. Suppose 70 = 3*p + o + 16, p - 32 = -5*o. Let c be d(p). What is the greatest common divisor of c and 11?
11
Suppose 0*b - 3*b = 5*n - 175, -b = 2*n - 69. Suppose 3558*w = 3550*w + 384. Calculate the highest common divisor of n and w.
16
Let x(o) = 2*o**3 + 16*o**2 + 14*o + 9. Let n be x(-6). Calculate the highest common divisor of 161 and n.
23
Let b(k) = -5*k - 23. Let s be b(-5). Suppose -s*a - x = -149, 4*a - 4*x + 38 = 366. What is the greatest common divisor of a and 11?
11
Let c be ((-30)/(-20))/((-1)/(-2)). Suppose j = c*g - 15, -8*j + 3*g = -4*j + 24. Let x be 9*(-9)/(j - 0). What is the highest common factor of 9 and x?
9
Suppose -6*v = 4*v - 30. Suppose 3*y - 5*j - 20 = 15, -v*j = 3. What is the greatest common factor of 10 and y?
10
Let n be 15/(-6)*(-4 + 5)*-2. Calculate the greatest common divisor of n and 20.
5
Suppose 978*k + 9856 = 989*k. Calculate the highest common factor of 56 and k.
56
Suppose -3*h = 2*u - 3, 0 = 3*u - 6*h + 7*h - 15. Let o be u/((-8)/(32/30))*-40. What is the greatest common factor of o and 48?
16
Let v be (1 - 4)*11/(132/(-68)). Calculate the highest common factor of v and 153.
17
Let b(k) = 3*k**2 + 9*k. Let a be b(-4). Calculate the highest common divisor of a and 96.
12
Let p be (-57)/(-38)*(-5)/((-30)/68). Let r be (38 - 54)/(0 - 1/p). Calculate the greatest common factor of 34 and r.
34
Let y be (1/(-1))/(1/(-27)). Let i = y - -78. Let h be -10*3/(-5)*7. What is the greatest common divisor of h and i?
21
Let j = -5 - -8. Suppose -4*q + 107 = -v, -2*q - j*q - 2*v = -124. Suppose 41*s = 6*s - 0*s + 10010. What is the greatest common divisor of q and s?
26
Let y(l) = -l**3 - 4*l**2 - 5*l + 16. Let r be y(-7). Let n(x) = x**2 - 3*x. Let g be n(6). What is the highest common divisor of g and r?
18
Suppose -5*u + 899 = 2*y, -2*y + 6*y + 4*u - 1828 = 0. Suppose y = 4*h + 3*c, -c = -h + 152 - 33. What is the greatest common factor of 26 and h?
13
Let b(a) = -2*a - 3. Let v be b(-11). Let t = v - 10. Let i be -1*2/(-3)*-3 + 8. What is the greatest common divisor of t and i?
3
Suppose -w = 3*w. Suppose -2*h - 2*v + 139 = -h, -3*h - v + 432 = w. Suppose -376 = -21*c + 233. What is the highest common factor of c and h?
29
Suppose 2*f - 244 = -4*j, 4*f - 4*j + 62 = 538. Suppose 8*g = g + 210. Calculate the highest common factor of g and f.
30
Suppose -5*h + 854 = 4*s, h + s - 3*s = 182. Let z be h/14 - 18/42. Let f = -5 + z. Calculate the highest common divisor of f and 77.
7
Suppose -30*p + 235 + 5 = 0. What is the highest common divisor of 7 and p?
1
Suppose 225 = -13*m + 18*m. What is the highest common factor of 25 and m?
5
Let w(u) = 17*u**2 + 3*u. Let i be w(1). What is the greatest common divisor of i and 90?
10
Let y be (4 - 8) + (1 - -2). Let q be 35/(-14)*y*8. Let n(v) = v + 20. Let c be n(10). Calculate the highest common divisor of q and c.
10
Suppose -y + 66 = 3*y - 3*a, y = -3*a + 24. Suppose 3*j - y = 21. Calculate the greatest common divisor of 143 and j.
13
Let h be (0 + -2)*(-7 + -3). Let m = -16 + h. Let u be 38/4 - 2/m. Calculate the greatest common factor of u and 9.
9
Let y = -20 - -22. Suppose 3*m - 24 = -y*m + 2*b, -m - 4*b - 4 = 0. Let p be 4/(-8)*m*-10. What is the highest common factor of 40 and p?
20
Let h = 22 + -20. Suppose -12 = h*k + 6. Let l = k - -21. What is the highest common factor of 3 and l?
3
Suppose 938 = 4*l - 2*i, 3*l - 16*i - 704 = -14*i. What is the highest common divisor of l and 208?
26
Let t = 17 - -291. Calculate the highest common divisor of t and 112.
28
Let w be (-2)/14 + (-7)/(-49). Let v(p) = p**3 + p**2 - p + 4. Let r be v(w). Calculate the highest common factor of 6 and r.
2
Let l = -1 + 7. Let k be (4/(-14))/(l/(3 - 213)). Calculate the highest common divisor of 70 and k.
10
Let i = 173 - 23. What is the highest common factor of 10 and i?
10
Let a(x) = x**3 - 4*x**2 - 3*x + 2. Suppose -5*s + 17 + 8 = 0. Let m be a(s). Let g be (0 - 1) + (-1 - -50). Calculate the greatest common factor of g and m.
12
Suppose -51*a + 167 + 2281 = 0. What is the greatest common divisor of 864 and a?
48
Let b be (6 - 0)/(1/28). Let u(z) = -16*z + 1 - 4*z**2 + 4*z + 3*z**2 - 7. Let l be u(-9). Calculate the highest common divisor of l and b.
21
Let a be (((-15)/7)/(-5))/((-21)/(-49)). Let b(j) = j**2. Let i be b(4). What is the highest common divisor of a and i?
1
Let d(t) = t + 1. Let u be d(9). Let i = 13 - u. Suppose y - 11 = -i. Calculate the highest common factor of 2 and y.
2
Let u = -68 + 34. Let j be 2 - u/6*-3. Let s be (-15)/6*108/j. What is the highest common factor of s and 90?
18
Let i = -21 - -37. Let g(u) = 31*u + 4. Let w(v) = v**2 + 3*v. Let x be w(-4). Let a be g(x). What is the highest common factor of a and i?
16
Let f = -64 - -419. What is the greatest common factor of f and 213?
71
Let o(x) = -x**2 + 12*x + 7. Let a(c) = -c**2 + c - 1. Let u(m) = 2*a(m) - o(m). Let v be u(-7). Calculate the highest common factor of 6 and v.
6
Suppose 0 = p - 19 + 17. Suppose -v - v + p = 0. Let b = 1 - 0. What is the highest common factor of v and b?
1
Let l(h) = -h**3 + 6*h**2 - 3*h - 7. Let c be l(5). Let a(t) = t**2 + t - 3. Let n be a(c). Let f = -11 - -29. Calculate the greatest common divisor of f and n.
9
Let g = 840 + -567. Calculate the highest common divisor of g and 105.
21
Suppose 5*w + 0*w = 35. Suppose 3*l + 76 = w*l. Let m = 35 - l. What is the highest common factor of m and 80?
16
Suppose -5*d + 47 + 38 = 0. Let n(x) = -x + 80. Let s be n(12). What is the greatest common factor of s and d?
17
Let t(q) = -14*q + 18. Let d be t(-15). Let p = -134 + d. Calculate the highest common factor of 47 and p.
47
Let v = 169 - -191. What is the greatest common divisor of 960 and v?
120
Suppose -1199 + 2751 = 2*o. Calculate the greatest common divisor of o and 8.
8
Suppose -13*d + 1077 = -5202. Let o = d - 340. What is the greatest common divisor of 22 and o?
11
Let m be (5 + 14/(-6))/((-2)/(-30)). What is the highest common factor of m and 108?
4
Let j = -29 - -48. Suppose 3*x + 104 = 482. Suppose 2*y - x = 2*r + 72, -178 = -2*y - 3*r. Calculate the highest common factor of j and y.
19
Let r = 171 - 83. Suppose -11*z + 88 = -r. Suppose -2*x + 10 = 3*x. Calculate the highest common divisor of x and z.
2
Let r be (-13 + 12)*(2 - 118). What is the greatest common factor of 87 and r?
29
Suppose 0 = 9*u - 1708 - 2045. What is the greatest common divisor of 695 and u?
139
Let k = 305 - 299. What is the highest common divisor of 3 and k?
3
Suppose 3*f + 20 = 8. Suppose -6 = -5*t - 3*d - 0, -2*d - 9 = -t. Let z be f + 2 - (-48)/t. Calculate the highest common factor of z and 14.
14
Let m = 57 - 24. Suppose 8*j = m + 119. Calculate the highest common factor of j and 190.
19
Let h = -151 - -254. Suppose -135 = -4*u - h. Calculate the highest common divisor of u and 2.
2
Let f be (-702)/39*2/(-12). What is the greatest common divisor of f and 17?
1
Suppose -66*a + 15010 = -16868. What is the highest common factor of 105 and a?
21
Suppose 0 = 30*s - 3*s - 1296. What is the greatest common factor of s and 1536?
48
Suppose 2*n - 4 = 8. Let w(j) = j**2 - 6*j + 5. Let p be w(6). Suppose 0 = p*y - 3*y - 18. Calculate the highest common factor of n and y.
3
Let x = 2041 - 1859. What is the greatest common divisor of x and 390?
26
Let j be 22/6 - (-2)/(-3). Let a(u) = u**2 - 11*u + 11. Let c be a(10). Let v be (-3)/(c*(-3 + 2)). What is the highest common divisor of v and j?
3
Let r = 156 + -154. Let y be 140/24 + (-1)/(-6). Let q(p) = p**2 - 5*p - 3. Let t be q(y). Calculate the highest common divisor of r and t.
1
Suppose 2 - 5 = -b. Let p be 14/(b*4/90). Let t(r) = 12*r - 6. Let d be t(4). Calculate the greatest common factor of p and d.
21
Let q be (7/3)/(2/6). Let a(v) = 40*v + 609. Let y be a(-14). Calculate the highest common factor of y and q.
7
Let b be (6 - -1)*(-255)/(-51). What is the highest common factor of 2 and b?
1
Let n = 119 - 56. Calculate the highest common factor of 14 and n.
7
Let i be -3 - -7 - (2*-1)/2. Let n be 1/(i/(-40))*-13. Calculate the greatest common factor of n and 26.
26
Let t(l) be the first derivative of l**